30/r). Calculate the greatest common divisor of q and y.
11
Let a = 53 - -479. Let d be 296/10 - 1 - (54/10)/9. Calculate the greatest common divisor of a and d.
28
Let k = 23 - 19. Let t(w) = -18*w - 2. Let p be (0 - -1)*(1 + (-2 - 0)). Let x be t(p). Calculate the highest common factor of x and k.
4
Let z be (-32)/12 + 1 + (-11)/(-3). Suppose 2*f - 2*o = 0, -5*f - o - 2 + 8 = 0. Let d be 824/32 - f/(-4). What is the highest common factor of d and z?
2
Suppose -2*f + 3*n - 80 = 3*f, 3*f + 37 = 4*n. Let p = 21 + f. Let j be p/8*-2*1*-22. What is the highest common divisor of 77 and j?
11
Let h = 395 + 420. Suppose 4*p - h = -3*t, 2*t = -3*p + 455 + 155. What is the greatest common factor of p and 50?
50
Let o = 33731 - 16725. Calculate the highest common factor of 22 and o.
22
Let a be (-11)/(33/(-12))*9/(-12). Let n be (-5 - -49) + 1 + 6 + a. Calculate the highest common factor of 208 and n.
16
Suppose 56*q = -36*q + 58*q + 5202. What is the greatest common divisor of 13668 and q?
51
Let v(z) = -z**3 - 13*z**2 - 12*z. Let m be v(-12). Suppose 4*f - 1149 = l, -2*f + f - 2*l + 276 = m. What is the greatest common factor of f and 44?
22
Let s(f) = f**3 + 240*f**2 + 14201*f - 215. Let z be s(-134). Let d(w) = w**2 + 51. Let t be d(0). Calculate the greatest common divisor of t and z.
17
Let c be (1 + 1970/30)/(8/108). What is the highest common factor of 40 and c?
20
Suppose 54 = 2*d + 70. Let q be (d + 5)/(3/(-5)). Let c = 8 + 7. Calculate the highest common divisor of c and q.
5
Let z(u) = -8 + 1049*u**3 - 525*u**3 - 5*u**2 - 522*u**3. Let s be z(5). Let t = 28 + -15. Calculate the greatest common divisor of s and t.
13
Let k be (-8)/(-12) - (3728/(-6) - 2). Calculate the greatest common divisor of 2652 and k.
156
Suppose -3*c = 4*z - 151, -3*c + z + 86 = -c. Let x = 59 - c. Let m(g) = -g**2 + 15*g + 11. Let s be m(x). Calculate the highest common divisor of 200 and s.
25
Let m = -30255 + 31502. Calculate the greatest common factor of m and 58.
29
Suppose 0 = -3*y + 4 + 5. Suppose -11 + 2 = -y*l. Let w be 55/10*(-66)/l*-1. Calculate the highest common factor of w and 11.
11
Let j(z) = z**3 + 54*z**2 + 100*z - 121. Let c be j(-52). What is the greatest common factor of c and 2059?
29
Suppose -2*t - 29 = 6*v - 3*v, 5*t + 60 = -5*v. Let s = t + 15. Let d = -190 - -214. What is the greatest common divisor of d and s?
8
Let n(i) = -20*i - 131. Let b be n(20). Let s = b + 534. Calculate the highest common factor of s and 15.
3
Suppose -4*s + 1387 = 7*f, 1627 = 4*s + 5*f + 242. What is the highest common divisor of s and 360?
15
Suppose 0*p - p + 259 = 0. Suppose -141 - p = -5*l. Let w = l - 47. Calculate the greatest common factor of w and 6.
3
Let i be (1/(2*4 + (-7571)/938))/((-7)/14). Let f(g) = -55*g - 2. Let b be f(-3). Let w = b + -93. What is the greatest common divisor of w and i?
14
Suppose 0 = -2*v - 0*v + 64. Suppose -46*c + c + 314 + 406 = 0. Calculate the highest common factor of c and v.
16
Let o(x) = 319*x**3 - 2*x + 1. Let v be o(1). Let y be (0 + 1)/(3/v). Suppose 2*b + 5*d = b + y, -2*d + 4 = 0. Calculate the highest common divisor of b and 64.
32
Let i(a) = 8*a**2 + 4*a + 2. Let p be i(3). Suppose 3*v + p = 2*f, -2*f - 3*v = -29 - 33. Calculate the highest common divisor of f and 407.
37
Let y be 19/57 - (-17)/3. Suppose 3022 = y*p - 74. What is the highest common factor of 12 and p?
12
Suppose 100*d = 87*d + 3679. Let w = -173 + d. Calculate the greatest common factor of 66 and w.
22
Let x = -64 - -70. Suppose x*k - 111 = 57. Calculate the greatest common factor of k and 364.
28
Suppose -3252 = -25*s - 25*s + 4348. What is the greatest common divisor of 56 and s?
8
Let v be (-6)/(-4)*(-52)/(-2). Let y = -15 + v. Suppose -89*i + 85*i = 3*t - 344, 216 = 2*t + 6*i. What is the highest common divisor of y and t?
24
Let a(m) = -31*m + 404. Let i be a(11). Calculate the greatest common divisor of 4032 and i.
63
Suppose -5*i = -2*p - 53294 - 11328, 2*p = -5*i + 64638. Calculate the highest common divisor of i and 138.
46
Let s(l) = 3*l - 24. Let z be s(33). Suppose -3*b = -4*c + z, -c + 17 + 5 = -4*b. Calculate the greatest common divisor of 423 and c.
9
Suppose -9*l - v - 56 = -13*l, -l = v - 14. Suppose d - l*d = -2925. Suppose y - 10 = 15. What is the highest common divisor of d and y?
25
Suppose -209*f + 207*f + 6 = 0, -2*q - q + 5*f + 726 = 0. Let v(c) = 4*c**2 - 2*c - 1. Let a be v(-2). Calculate the greatest common factor of q and a.
19
Let q(l) = 13*l + 5. Let h be q(4). Suppose -152*c + 2274 = -361*c + 6245. What is the greatest common factor of h and c?
19
Let y be (-157380)/(-688) + (-15)/(-12). Calculate the highest common factor of y and 215.
5
Suppose 62*x - 163*x - 126*x + 14074 = 0. Calculate the greatest common factor of x and 7006.
62
Suppose 5*m + 32 - 1297 = 0. Suppose 7267*f - 3*j = 7262*f + 113, 24 = f - 2*j. Calculate the highest common factor of f and m.
11
Let z be (18/(-12)*46/(-138))/(2/8). Suppose -5*w + 3*w + 52 = 0. Calculate the highest common factor of w and z.
2
Let n(x) = 10*x + 6. Let f(o) = 3 + o**3 - 3 + 9 - 15*o - 5*o**2. Let l be f(7). Let g be n(l). What is the greatest common divisor of g and 39?
13
Let z = -26 - -24. Let c be 210/(-30) + (-88)/z. Calculate the greatest common factor of c and 407.
37
Let o be ((-2030)/21)/((-6)/9 - 0). Let g = 156 - o. Let d be (2/3)/((-2)/(-198)). Calculate the greatest common divisor of g and d.
11
Let c = -200 - -554. Let t = -179 + c. Let p(h) = -71*h - 1. Let y be p(-1). What is the greatest common factor of y and t?
35
Let x(w) = -3*w - 4. Let y be x(-3). Let g be 4 - (4708/1284 + 1 + (-5)/3). What is the highest common factor of g and y?
1
Suppose -265*d = -267*d + 14. Let w be ((-12)/d)/(2/(168/(-18))). Calculate the highest common factor of 24 and w.
8
Suppose 56 = 42*s - 35*s. Suppose -5*k - 484 = -16*k. What is the greatest common divisor of k and s?
4
Let y be ((-54)/15*5/7)/(1/(-14)). Calculate the greatest common divisor of y and 11250.
18
Suppose -13*a + 169 = -416. Suppose 181 - a = -x. Let h be (22 - -2)*x/(-12). Calculate the greatest common factor of 34 and h.
34
Suppose -5*i + 5*b + 120 = 0, 7*i - 3*i + b - 96 = 0. Suppose 28*c = i*c + 72. What is the greatest common factor of 30 and c?
6
Let j be (-7040)/(-16) - (3 + 1). Calculate the highest common factor of 4 and j.
4
Let o(y) be the third derivative of y**4/4 - 100*y**3/3 + 107*y**2. Let d be o(37). Calculate the greatest common factor of 88 and d.
22
Suppose -d - 4*n + 88 = 0, 186*n - 406 = -5*d + 183*n. Calculate the highest common factor of 256 and d.
16
Suppose -16*a = -412*a + 91476. What is the highest common divisor of a and 252?
21
Suppose 21*r = -0*r + 210. Suppose 5*n = 20, -3*p + 2*n + r = -27. Let g be (-8 - 2)/((-6)/3). What is the highest common divisor of g and p?
5
Let i = -28557 - -32106. What is the highest common divisor of i and 455?
91
Let t be (-4135219)/(-3114) + (-1)/(-18). What is the highest common divisor of t and 16?
16
Suppose 3*l - 37 = p - 3, 3*l + p - 38 = 0. Let q be 18/42 + 78/14. Calculate the highest common factor of l and q.
6
Suppose -3*y + 115 = -137. Let u be ((-123)/205)/((-6)/20). Suppose 0 = -u*r - 2*k + 108, -98 = -2*r + 2*k + 18. What is the highest common factor of y and r?
28
Suppose -k - 5 = 0, c + 3*k + 4 - 42 = 0. Suppose -57*q + 204 = -c*q. What is the greatest common factor of q and 51?
51
Let r = -3037 + 3217. Calculate the highest common factor of 400 and r.
20
Let u = 6 + 30. Let f(k) = -k**2 - k. Let r(o) = o**2 - 17*o - 22. Let j(c) = -2*f(c) - r(c). Let i be j(-18). What is the greatest common divisor of u and i?
4
Suppose -3*h + 3*y = 0, 0*y = 4*h - 3*y + 2. Let v be ((-12)/h)/((-3)/2). Let x be (v - 1)*(-506)/115. Calculate the highest common divisor of 110 and x.
22
Let m be (-184 + 0)/(-11 + (-1055)/(-96)). Calculate the greatest common factor of m and 276.
276
Let m be -8*(19 + -18) + 26. Calculate the highest common divisor of m and 3522.
6
Let h = -6406 - -6443. Calculate the highest common divisor of 10471 and h.
37
Let w(c) = -127*c - 5896. Let o be w(-47). Calculate the greatest common divisor of 51 and o.
1
Let d(k) = -86*k - 1112. Let o be d(-13). What is the highest common factor of o and 1194?
6
Suppose -2*p + 163 